*q - 0, -4*o - 5*q + k = 0. Suppose -7*d = -o*d - 18. What is the units digit of d?
6
Suppose -6 = -3*a + 3. Suppose 30 = 4*q + q + a*o, -q - 3*o = -18. What is the units digit of q?
3
Let c = -1 + 5. Suppose 660 = w - c*w. What is the tens digit of ((-2)/4)/(10/w)?
1
Let o(n) = n - 3. Let r be o(3). Suppose -m + 4*m - 12 = r. Suppose -35 = -9*i + m*i. What is the units digit of i?
7
Let d = -3 + -1. Let j be d/14 - (-57)/(-21). Let m = j - -7. What is the units digit of m?
4
Suppose -5*r + 29 - 119 = 0. Let t be ((-3)/6)/(1/r). What is the units digit of (-11)/(-3) + 3/t?
4
Let u(k) = -17*k - 6*k**2 - k**3 + 2 + 17*k. Let l be u(-6). Suppose l*p = 4, -f + 5*f + p - 18 = 0. What is the units digit of f?
4
Let k(j) = -1 - 3 + 0 - 3*j. Suppose 4*l + l = -25. What is the tens digit of k(l)?
1
Suppose -5*s - 26 - 4 = 0. Let p be 1 + 0 + 1 + s. What is the units digit of -1*(1 + p + 2)?
1
Let p(y) = -y + 8. Let k be p(6). Suppose -b - 5 = -k*b. What is the units digit of b?
5
Suppose 4*t + 8 = 0, 0 = h + t + 1 - 134. What is the tens digit of h?
3
Suppose -13 = s + 5*z, -s = -3*s - z + 1. Suppose -67 = -3*k - s*g, -5*k - g + 114 = -0*g. What is the units digit of k?
3
Suppose -z - 2*z - 3*a = 3, -3*a = -3*z + 3. Suppose -2*l + 14 = -z*l. What is the units digit of l?
7
Suppose 5*s - 380 = -2*d - 0*d, -2*d - 10 = 0. What is the units digit of s?
8
Suppose -v - 2*v - 9 = 0. Let k = v + 3. Suppose k = 3*i + 2*i - 35. What is the units digit of i?
7
Suppose -4*w + 57 = -5*g, 3*w - g - 2*g = 39. What is the units digit of 3/(-12) + 66/w?
8
Let f be ((-1)/3)/(2/(-42)). Let q = 10 + -8. Suppose q*y + 5*i = -4, -3*i + 9 = -2*y + f*y. What is the units digit of y?
3
Suppose 15 = -p - 4*p. Let a be (0 + p*1)*-1. Suppose f = -a*f + 4. What is the units digit of f?
1
Suppose -2*r + 9 = -3. What is the units digit of (-48)/9*(-9)/r?
8
Let h be (-3)/6*-6*1. Let c = 9 - h. Suppose -n + c = n. What is the units digit of n?
3
Suppose 0 = -6*b + 101 + 1. What is the units digit of b?
7
What is the hundreds digit of (-4*(-2)/16)/(2/552)?
1
Let s = -15 + 45. Suppose -5*b + 2*b + s = 0. Suppose 3*l - l - b = 0. What is the units digit of l?
5
Let h(y) = -4*y - 2. Let t be h(-2). Let c = t - -1. What is the units digit of c?
7
Let f(n) = -11*n**2 + 2*n - 1. Let y be f(1). Let w = 2 - y. What is the tens digit of w?
1
Suppose z + 96 = k - 32, -3*k = z - 368. What is the units digit of k?
4
Let j(w) be the first derivative of -w**3/3 + 3*w**2/2 + w - 4. What is the units digit of j(3)?
1
Suppose 0 = 5*q - 4*q - 2. Suppose -q*n = -0*n + 10. Let a(h) = -2*h - 6. What is the units digit of a(n)?
4
Let m be (18 - 5) + -2 + 1. What is the tens digit of m/21 + 136/7?
2
Let s = 30 + -22. What is the units digit of s?
8
Let r(a) = a**3 + 17*a**2 - 2*a - 22. Let p be r(-17). What is the units digit of ((-116)/p)/((-2)/6)?
9
Suppose 2*x = 6*x + u - 1118, 4*x = 4*u + 1128. What is the tens digit of x?
8
What is the tens digit of 12/8*186/9?
3
Let a be (1 - 5)*(-63)/36. Suppose -3*u + a*u = 40. What is the tens digit of u?
1
Let k = 130 - -88. What is the hundreds digit of k?
2
Let a(y) = 27*y**2 - y + 1. What is the units digit of a(1)?
7
Let l = -17 - -39. Suppose x + l = 3*x. Let p = -4 + x. What is the units digit of p?
7
Let w = -39 - -114. What is the tens digit of w?
7
Let t(v) = -v + 7. Let l be t(5). Suppose 0*j - 30 = -l*j. Suppose 4*r + r - j = 0. What is the units digit of r?
3
Let q(f) = f**3 - 7*f**2 - 10*f + 10. Let a(z) = 2*z**2 + 7*z + 4. Let o be a(-4). Let l be q(o). Let k = 1 - l. What is the units digit of k?
7
Let n(z) = -z**3 - 5*z**2 - 2*z + 5. Let i be n(-4). What is the units digit of 0 + i - (-16 - 0)?
3
Let z(k) = -k**2 - 4*k - 1. Let g be z(-2). What is the units digit of (0 + (g - -11))/2?
7
Suppose 14*l = 1929 + 1571. What is the hundreds digit of l?
2
Let g = 4 - 1. Suppose g*m - 4*m + 12 = 0. What is the units digit of m/2*6/4?
9
Let a = 180 + -115. What is the tens digit of a?
6
Suppose -5*m - 571 = -3*r - m, -2*m - 378 = -2*r. What is the units digit of r?
5
Let x = 12 + -20. Let o = 25 + x. What is the tens digit of o?
1
Suppose 0 = -l + 4*u - 3 + 10, 0 = -l + u + 1. Let s = 2 - l. Let f = 2 + s. What is the units digit of f?
5
Let q(v) = v**3 - 11*v**2 + 6*v + 16. What is the tens digit of q(11)?
8
Suppose 2*b + 2*b - 4 = 0. Let f be 3/(-1*3)*b. Let m = f + 9. What is the units digit of m?
8
Let s(q) = -q**3 - 16*q**2 + 39*q + 26. What is the hundreds digit of s(-19)?
3
Let c = 8 + -12. Let z be -10*-4*(-3)/30. What is the units digit of c/z - (-9 - 1)?
1
Let r(g) = -11*g**3 - 2*g**2 - g. Let f be r(-1). Let a be (-93)/(-15) + (-2)/f. What is the units digit of (a/5)/((-12)/(-40))?
4
Let x(w) = -w**3 - 4*w**2 + 2*w - 2. Let l be x(-5). Suppose 0 = -f - 0*f + l. What is the units digit of f?
3
Let v(y) = -y - 6. Let u be v(-4). What is the units digit of (11/(-44))/(u/232)?
9
Suppose -50 = -5*q + 5*b, -5*q + 2*b + 2*b = -45. Suppose -2*x - a - q = 0, 5*x - 7*a + 2*a - 25 = 0. Suppose x*i = -2*i + 16. What is the units digit of i?
8
Let z(f) = -f**3 - 4*f**2 - 3*f - 9. What is the tens digit of z(-6)?
8
Suppose 29 = 4*f + 9. Let a(d) = 7*d. What is the tens digit of a(f)?
3
Let v(k) = -k**2 + 5*k - 3. Let p be v(3). Let t = 9 - p. What is the units digit of (0 - (2 + -2)) + t?
6
Let a be (8/10)/(2/5). Suppose a*k + 4 = 3*k. What is the units digit of k?
4
Let y = 1 + -1. Let i(t) = -5 + t + 8 - 1 + 5. What is the units digit of i(y)?
7
Let p(h) = h + 1. Let l be p(2). Let i(n) = 3*n**2 - 4*n + 2. What is the units digit of i(l)?
7
Let k(g) = g**2 + g. Let s(h) = 8*h**2 + 0*h**2 - h**2 + 7*h - 1. Let l(i) = -6*k(i) + s(i). What is the units digit of l(-3)?
5
What is the units digit of 3/(-6) + 1377/6 + 2?
1
Let k = 45 + -6. Suppose -2*t + 3*t - 5*a - 66 = 0, 12 = -3*a. Suppose -t = -5*b + k. What is the tens digit of b?
1
Let g(l) = -l**3 - 9*l**2 - 7*l + 10. Let x be g(-8). Suppose -o = x*o - 51. What is the units digit of o?
7
Let o = 56 - 59. Let d(u) = 0 - 3*u + 2 - 4. What is the units digit of d(o)?
7
Suppose t = -4*d - 1, 8*d - 4*d - 1 = t. Suppose -3*i + 4*i - 6 = d. What is the units digit of i?
6
Suppose 32 + 6 = n. What is the units digit of n?
8
Let i(k) = 32*k - 9. What is the units digit of i(3)?
7
Suppose -2*l = l. Suppose 3*p = -l*p. What is the units digit of p + 3 - 3 - -20?
0
Suppose 2*r + 4*r - 1770 = 0. What is the units digit of r?
5
Let u = 11 - 5. Suppose u*v = 3*v + 51. What is the units digit of v?
7
Let h = -3 - -4. Let n = h - -6. What is the units digit of n?
7
What is the units digit of (-3)/(-4)*36/27?
1
Let x = -2 - -4. Suppose 11 + 1 = x*w. What is the units digit of w?
6
Let k be (-2)/5 - (-64)/10. Let i(c) = -c**2 + 9*c - 1. What is the tens digit of i(k)?
1
Suppose 0 = -5*o - 3*a - a + 32, 2 = o + 3*a. What is the units digit of o?
8
Suppose 0 = -5*o - 0 + 10. Let y(d) = 14*d**3 + 3*d**2 - 2*d + 1. Let z(w) = w**3 - w**2. Let l(r) = o*z(r) + y(r). What is the tens digit of l(1)?
1
Let t = 192 + -112. What is the units digit of t?
0
Let v = 36 - 75. Let a = -28 - v. What is the tens digit of a?
1
Let g(h) = h**2 - h - 23. What is the units digit of g(10)?
7
What is the units digit of (-1)/(((-10)/96)/5)?
8
Suppose 0 = -c + 113 + 233. What is the hundreds digit of c?
3
Suppose 2*f + 7 - 23 = 0. Let q be (9/(-12))/((-2)/f). Let p(o) = -o**2 + 4*o + 1. What is the units digit of p(q)?
4
Let t(s) = -s**3 + 6*s**2 + 9*s - 9. Let r be t(7). Suppose 0 = -2*z - a + 13, r*z = 2*a + 5 + 5. Suppose -10 = -2*p - z. What is the units digit of p?
3
Let o(t) = -2*t - 6. Let m be o(-5). Suppose 2*x + m*y + 8 = 0, 2*x + 0*y + 11 = -y. Let p = 15 + x. What is the units digit of p?
9
Let v = -179 + 265. What is the tens digit of v?
8
Let n = -6 + 8. Let y(s) = -4 + 4 - 4*s + n*s. What is the units digit of y(-7)?
4
Suppose 0 = 2*p + 5*x - 10, -2*x - 11 = 3*p - 4. Let g(l) = -6*l - 2. What is the units digit of g(p)?
8
Let t(k) = k**2 - 8*k + 4. Let g be t(7). Let l(w) = -w - 11. Let r be l(-4). Let i = g - r. What is the units digit of i?
4
Let j = 55 - 32. What is the units digit of j?
3
Let h = 333 + -196. What is the tens digit of h?
3
Let w be (-3)/9 - (-386)/6. Suppose 2*c + q + w = 7*c, 23 = 2*c - 3*q. What is the units dig